{"id":270,"date":"2021-05-24T20:55:42","date_gmt":"2021-05-24T23:55:42","guid":{"rendered":"https:\/\/www.safetyandsecurity.cl\/land\/?page_id=270"},"modified":"2021-06-25T12:06:03","modified_gmt":"2021-06-25T15:06:03","slug":"consulting","status":"publish","type":"page","link":"https:\/\/www.safetyandsecurity.cl\/land\/consulting\/","title":{"rendered":"Consulting"},"content":{"rendered":"<p>[et_pb_section fb_built=\u00bb1&#8243; _builder_version=\u00bb4.4.8&#8243; custom_padding=\u00bb50px||21px|||\u00bb][et_pb_row column_structure=\u00bb1_3,2_3&#8243; _builder_version=\u00bb4.4.8&#8243; min_height=\u00bb997.7px\u00bb custom_margin=\u00bb84px|auto||auto||\u00bb custom_padding=\u00bb26px|||||\u00bb][et_pb_column type=\u00bb1_3&#8243; _builder_version=\u00bb4.4.8&#8243;][et_pb_image src=\u00bbhttps:\/\/www.safetyandsecurity.cl\/land\/wp-content\/uploads\/2021\/05\/LOGOS_TODOS-01.png\u00bb title_text=\u00bbLOGOS_TODOS-01&#8243; _builder_version=\u00bb4.4.8&#8243; custom_padding=\u00bb0px|||||\u00bb][\/et_pb_image][\/et_pb_column][et_pb_column type=\u00bb2_3&#8243; _builder_version=\u00bb4.4.8&#8243;][et_pb_text _builder_version=\u00bb4.4.8&#8243; custom_margin=\u00bb-11px|||||\u00bb]<\/p>\n<p><strong>Safety and Security Consulting<\/strong> provee servicios de consultor\u00eda y auditorias para el aseguramiento de la cadena log\u00edstica del comercio internacional, implementando normas en su empresa relacionadas con los \u00e1mbitos del Safety, Security y el Envioronmental como los siguientes:<\/p>\n<p>[\/et_pb_text][et_pb_text _builder_version=\u00bb4.4.8&#8243; custom_padding=\u00bb|||48px||\u00bb]<\/p>\n<ul>\n<li>Implementaci\u00f3n y mantenci\u00f3n del C\u00f3digo Internacional para la Protecci\u00f3n de los Buques y de las Instalaciones Portuarias(C\u00f3digo PBIP o ISPS Code).<\/li>\n<li>Implementaci\u00f3n de la norma OEA, Operador Econ\u00f3mico Autorizado de la OMA, Organizaci\u00f3n Mundial de Aduanas a Fabricantes exportadores, Importadores, Transportistas terrestres, Almacenes extraportuarios, Agentes de Aduanas, Freight Forworders y Courriers.<\/li>\n<li>Implementaci\u00f3n del Convenio Internacional MARPOL73\/78.<\/li>\n<li>Implementaci\u00f3n de la norma RSI, Reglamento Sanitario Internacional de la OMA ante condiciones de pandemia viral para los modos de transporte internacional terrestre, a\u00e9reo y mar\u00edtimo.<\/li>\n<li>Implementaci\u00f3n de la norma Ecoports para la Certificaci\u00f3n de Puerto Sello Verde.<\/li>\n<li>Implementacio\u0301n de la Norma ISO 50001. Sistema de Gestio\u0301n de Eficiencia Energe\u0301tica, para medir el valor de la Huella de Carbono.<\/li>\n<li>Implementaci\u00f3n de la norma ISO 31001. Gesti\u00f3n de Riesgo Empresariales.<\/li>\n<li>Implementaci\u00f3n Norma ISO 9001:2015. Sistema de Gesti\u00f3n de la Calidad.<\/li>\n<li>Implementaci\u00f3n Norma ISO 45001:2018. Sistema de Gesti\u00f3n de Seguridad y Salud en el Trabajo.<\/li>\n<li>Implementaci\u00f3n Norma ISO 28001. Sistema de Gesti\u00f3n de Seguridad de la cadena de suministros.<\/li>\n<li>Levantamiento de cadenas log\u00edsticas para la creaci\u00f3n de nuevos servicios a\u00e9reos, portuarios y l\u00edneas mar\u00edtimas.<\/li>\n<li>Auditorias sobre Fusiones interempresas.<\/li>\n<li>Levantamiento de la Organizaci\u00f3n Industrial de una determinada actividad o rubro.<\/li>\n<li>Manejo de Cargas de Proyectos; Cargas Pesadas y Cargas Sobredimensionadas.<\/li>\n<li>Innovaci\u00f3n Tecnol\u00f3gica y Ciberterrorismo.<\/li>\n<li>Manejo y Almacenamiento de cargas peligrosas en los puertos y aeropuertos.<\/li>\n<li>Certificaci\u00f3n Internacional de Envases\/Embalajes para mercanc\u00edas peligrosas.<\/li>\n<li>Planes de Operaciones para la carga y descarga de mercanc\u00edas peligrosas en bultos y a granel.<\/li>\n<\/ul>\n<p>&nbsp;<\/p>\n<p>[\/et_pb_text][\/et_pb_column][\/et_pb_row][\/et_pb_section]<\/p>\n","protected":false},"excerpt":{"rendered":"<p>[et_pb_section fb_built=\u00bb1&#8243; _builder_version=\u00bb4.4.8&#8243; custom_padding=\u00bb50px||21px|||\u00bb][et_pb_row column_structure=\u00bb1_3,2_3&#8243; _builder_version=\u00bb4.4.8&#8243; min_height=\u00bb997.7px\u00bb custom_margin=\u00bb84px|auto||auto||\u00bb custom_padding=\u00bb26px|||||\u00bb][et_pb_column type=\u00bb1_3&#8243; _builder_version=\u00bb4.4.8&#8243;][et_pb_image src=\u00bbhttps:\/\/www.safetyandsecurity.cl\/land\/wp-content\/uploads\/2021\/05\/LOGOS_TODOS-01.png\u00bb title_text=\u00bbLOGOS_TODOS-01&#8243; _builder_version=\u00bb4.4.8&#8243; custom_padding=\u00bb0px|||||\u00bb][\/et_pb_image][\/et_pb_column][et_pb_column type=\u00bb2_3&#8243; _builder_version=\u00bb4.4.8&#8243;][et_pb_text _builder_version=\u00bb4.4.8&#8243; custom_margin=\u00bb-11px|||||\u00bb] Safety and Security Consulting provee servicios de consultor\u00eda y auditorias para el aseguramiento de la cadena log\u00edstica del comercio internacional, implementando normas en su empresa relacionadas con los \u00e1mbitos del Safety, Security y el Envioronmental como [&hellip;]<\/p>\n","protected":false},"author":1,"featured_media":0,"parent":0,"menu_order":0,"comment_status":"closed","ping_status":"closed","template":"","meta":{"_et_pb_use_builder":"on","_et_pb_old_content":"","_et_gb_content_width":""},"_links":{"self":[{"href":"https:\/\/www.safetyandsecurity.cl\/land\/wp-json\/wp\/v2\/pages\/270"}],"collection":[{"href":"https:\/\/www.safetyandsecurity.cl\/land\/wp-json\/wp\/v2\/pages"}],"about":[{"href":"https:\/\/www.safetyandsecurity.cl\/land\/wp-json\/wp\/v2\/types\/page"}],"author":[{"embeddable":true,"href":"https:\/\/www.safetyandsecurity.cl\/land\/wp-json\/wp\/v2\/users\/1"}],"replies":[{"embeddable":true,"href":"https:\/\/www.safetyandsecurity.cl\/land\/wp-json\/wp\/v2\/comments?post=270"}],"version-history":[{"count":10,"href":"https:\/\/www.safetyandsecurity.cl\/land\/wp-json\/wp\/v2\/pages\/270\/revisions"}],"predecessor-version":[{"id":541,"href":"https:\/\/www.safetyandsecurity.cl\/land\/wp-json\/wp\/v2\/pages\/270\/revisions\/541"}],"wp:attachment":[{"href":"https:\/\/www.safetyandsecurity.cl\/land\/wp-json\/wp\/v2\/media?parent=270"}],"curies":[{"name":"wp","href":"https:\/\/api.w.org\/{rel}","templated":true}]}}