{"id":495,"date":"2021-06-25T11:06:48","date_gmt":"2021-06-25T14:06:48","guid":{"rendered":"https:\/\/www.safetyandsecurity.cl\/land\/?page_id=495"},"modified":"2024-05-14T12:05:56","modified_gmt":"2024-05-14T15:05:56","slug":"curso-marejadas-anormales","status":"publish","type":"page","link":"https:\/\/www.safetyandsecurity.cl\/land\/curso-marejadas-anormales\/","title":{"rendered":"Curso Marejadas Anormales"},"content":{"rendered":"<p>[et_pb_section fb_built=\u00bb1&#8243; _builder_version=\u00bb4.4.8&#8243;][et_pb_row _builder_version=\u00bb4.4.8&#8243; custom_margin=\u00bb50px|auto||auto||\u00bb][et_pb_column type=\u00bb4_4&#8243; _builder_version=\u00bb4.4.8&#8243;][et_pb_text _builder_version=\u00bb4.4.8&#8243;]<\/p>\n<h6 style=\"text-align: left;\">CAPACITACIONES\u00a0 |\u00a0 CURSOS DISPONIBLES\u00a0 |\u00a0 <strong>\u00a0MAREJADAS ANORMALES<\/strong><\/h6>\n<p>[\/et_pb_text][\/et_pb_column][\/et_pb_row][et_pb_row column_structure=\u00bb3_5,2_5&#8243; _builder_version=\u00bb4.4.8&#8243;][et_pb_column type=\u00bb3_5&#8243; _builder_version=\u00bb4.4.8&#8243;][et_pb_text _builder_version=\u00bb4.4.8&#8243;]<\/p>\n<h1><strong>CURSO MAREJADAS ANORMALES<\/strong><\/h1>\n<h1><strong style=\"font-size: 14px; color: #666666;\">Fundamentaci\u00f3n:<\/strong><\/h1>\n<p>La marejada anormal estar\u00eda vinculada al cambio clim\u00e1tico generado por el hombre sobre el planeta, ya que el incremento de las marejadas ha sido exponencial a medida que pasan los a\u00f1os, por lo que se estima que \u00e9ste tipo de eventos podr\u00edan continuar aumentando en las pr\u00f3ximas d\u00e9cadas en la medida que el planeta siga calentandose, por lo que no nos queda m\u00e1s que disminuir las emisiones de gases de efecto invernadero y mientras tanto gestionar sus riesgos.<\/p>\n<p><strong>Objetivo general:<\/strong><br \/> Lograr que el alumno pueda implementar medidas preventivas en sus actividades diarias contra la amenaza de la marejada anormal y realice actividades m\u00e1s seguras, minimizando los da\u00f1os para las personas, al medio ambiente y operacionales.<\/p>\n<p><strong>Metodolog\u00eda:<\/strong><br \/> El curso tiene una carga horaria de 12 horas cronol\u00f3gicas impartidas en tres sesiones de cuatro horas, en modo asincr\u00f3nico\/sincr\u00f3nico a trav\u00e9s de las <strong>Plataformas de Safety and Security<\/strong> donde encontraras el material de apoyo para los tres m\u00f3dulos del curso y la <strong>Plataforma Zoom<\/strong> Pro para la participaci\u00f3n en clases y talleres online.<\/p>\n<p class=\"p1\"><b>M\u00f3dulo 1<span class=\"Apple-converted-space\">\u00a0<br \/><\/span><\/b><span style=\"font-size: 14px;\">1.- Definiciones y conceptos sobre Marejadas Anormales. 2.- Efectos da\u00f1inos para las personas, operacionales y del ambiente. 3.- Normativa relacionada con el problema.<\/span><span class=\"Apple-converted-space\" style=\"font-size: 14px;\">\u00a0<\/span><\/p>\n<p class=\"p1\"><b>M\u00f3dulo 2<span class=\"Apple-converted-space\">\u00a0<br \/><\/span><\/b><span style=\"font-size: 14px;\">1.- An\u00e1lisis de Riesgos para infraestructura expuesta. 2.- Plan de Protecci\u00f3n ante Marejadas Anormales. 3.- Ingenier\u00eda y tecnolog\u00eda para atenuar sus efectos.<\/span><span class=\"Apple-converted-space\" style=\"font-size: 14px;\">\u00a0<\/span><\/p>\n<p class=\"p1\"><b>M\u00f3dulo 3<span class=\"Apple-converted-space\">\u00a0<br \/><\/span><\/b><span style=\"font-size: 14px;\">1.- Meteorolog\u00eda preventiva. 2.- Predicci\u00f3n temprana del pr\u00f3ximo evento. 3.- Taller y evaluaci\u00f3n individual.<\/span><span class=\"Apple-converted-space\" style=\"font-size: 14px;\">\u00a0<\/span><\/p>\n<p>&nbsp;<\/p>\n<p>[\/et_pb_text][et_pb_button button_url=\u00bbhttps:\/\/www.safetyandsecurity.cl\/land\/wp-content\/uploads\/2024\/05\/Curso-Marejadas-Anormales..pdf\u00bb url_new_window=\u00bbon\u00bb button_text=\u00bbDESCARGAR PDF\u00bb _builder_version=\u00bb4.4.8&#8243; custom_button=\u00bbon\u00bb button_text_color=\u00bb#e09900&#8243; hover_enabled=\u00bb0&#8243;][\/et_pb_button][et_pb_text _builder_version=\u00bb4.4.8&#8243;][\/et_pb_text][\/et_pb_column][et_pb_column type=\u00bb2_5&#8243; _builder_version=\u00bb4.4.8&#8243;][et_pb_image src=\u00bbhttps:\/\/www.safetyandsecurity.cl\/land\/wp-content\/uploads\/2021\/06\/Captura-de-Pantalla-2021-06-25-a-las-10.08.38.png\u00bb title_text=\u00bbCaptura de Pantalla 2021-06-25 a la(s) 10.08.38&#8243; _builder_version=\u00bb4.4.8&#8243;][\/et_pb_image][\/et_pb_column][\/et_pb_row][\/et_pb_section]<\/p>\n","protected":false},"excerpt":{"rendered":"<p>[et_pb_section fb_built=\u00bb1&#8243; _builder_version=\u00bb4.4.8&#8243;][et_pb_row _builder_version=\u00bb4.4.8&#8243; custom_margin=\u00bb50px|auto||auto||\u00bb][et_pb_column type=\u00bb4_4&#8243; _builder_version=\u00bb4.4.8&#8243;][et_pb_text _builder_version=\u00bb4.4.8&#8243;] CAPACITACIONES\u00a0 |\u00a0 CURSOS DISPONIBLES\u00a0 |\u00a0 \u00a0MAREJADAS ANORMALES [\/et_pb_text][\/et_pb_column][\/et_pb_row][et_pb_row column_structure=\u00bb3_5,2_5&#8243; _builder_version=\u00bb4.4.8&#8243;][et_pb_column type=\u00bb3_5&#8243; _builder_version=\u00bb4.4.8&#8243;][et_pb_text _builder_version=\u00bb4.4.8&#8243;] CURSO MAREJADAS ANORMALES Fundamentaci\u00f3n: La marejada anormal estar\u00eda vinculada al cambio clim\u00e1tico generado por el hombre sobre el planeta, ya que el incremento de las marejadas ha sido exponencial a medida que pasan los [&hellip;]<\/p>\n","protected":false},"author":1,"featured_media":0,"parent":0,"menu_order":0,"comment_status":"closed","ping_status":"closed","template":"","meta":{"_et_pb_use_builder":"on","_et_pb_old_content":"","_et_gb_content_width":""},"_links":{"self":[{"href":"https:\/\/www.safetyandsecurity.cl\/land\/wp-json\/wp\/v2\/pages\/495"}],"collection":[{"href":"https:\/\/www.safetyandsecurity.cl\/land\/wp-json\/wp\/v2\/pages"}],"about":[{"href":"https:\/\/www.safetyandsecurity.cl\/land\/wp-json\/wp\/v2\/types\/page"}],"author":[{"embeddable":true,"href":"https:\/\/www.safetyandsecurity.cl\/land\/wp-json\/wp\/v2\/users\/1"}],"replies":[{"embeddable":true,"href":"https:\/\/www.safetyandsecurity.cl\/land\/wp-json\/wp\/v2\/comments?post=495"}],"version-history":[{"count":15,"href":"https:\/\/www.safetyandsecurity.cl\/land\/wp-json\/wp\/v2\/pages\/495\/revisions"}],"predecessor-version":[{"id":684,"href":"https:\/\/www.safetyandsecurity.cl\/land\/wp-json\/wp\/v2\/pages\/495\/revisions\/684"}],"wp:attachment":[{"href":"https:\/\/www.safetyandsecurity.cl\/land\/wp-json\/wp\/v2\/media?parent=495"}],"curies":[{"name":"wp","href":"https:\/\/api.w.org\/{rel}","templated":true}]}}

<p>[et_pb_section fb_built=»1&#8243; _builder_version=»4.4.8&#8243;][et_pb_row _builder_version=»4.4.8&#8243; custom_margin=»50px|auto||auto||»][et_pb_column type=»4_4&#8243; _builder_version=»4.4.8&#8243;][et_pb_text _builder_version=»4.4.8&#8243;]</p>
<h6 style="text-align: left;">CAPACITACIONES  |  CURSOS DISPONIBLES  |  <strong> MAREJADAS ANORMALES</strong></h6>
<p>[/et_pb_text][/et_pb_column][/et_pb_row][et_pb_row column_structure=»3_5,2_5&#8243; _builder_version=»4.4.8&#8243;][et_pb_column type=»3_5&#8243; _builder_version=»4.4.8&#8243;][et_pb_text _builder_version=»4.4.8&#8243;]</p>
<h1><strong>CURSO MAREJADAS ANORMALES</strong></h1>
<h1><strong style="font-size: 14px; color: #666666;">Fundamentación:</strong></h1>
<p>La marejada anormal estaría vinculada al cambio climático generado por el hombre sobre el planeta, ya que el incremento de las marejadas ha sido exponencial a medida que pasan los años, por lo que se estima que éste tipo de eventos podrían continuar aumentando en las próximas décadas en la medida que el planeta siga calentandose, por lo que no nos queda más que disminuir las emisiones de gases de efecto invernadero y mientras tanto gestionar sus riesgos.</p>
<p><strong>Objetivo general:</strong><br /> Lograr que el alumno pueda implementar medidas preventivas en sus actividades diarias contra la amenaza de la marejada anormal y realice actividades más seguras, minimizando los daños para las personas, al medio ambiente y operacionales.</p>
<p><strong>Metodología:</strong><br /> El curso tiene una carga horaria de 12 horas cronológicas impartidas en tres sesiones de cuatro horas, en modo asincrónico/sincrónico a través de las <strong>Plataformas de Safety and Security</strong> donde encontraras el material de apoyo para los tres módulos del curso y la <strong>Plataforma Zoom</strong> Pro para la participación en clases y talleres online.</p>
<p class="p1"><b>Módulo 1<span class="Apple-converted-space"> <br /></span></b><span style="font-size: 14px;">1.- Definiciones y conceptos sobre Marejadas Anormales. 2.- Efectos dañinos para las personas, operacionales y del ambiente. 3.- Normativa relacionada con el problema.</span><span class="Apple-converted-space" style="font-size: 14px;"> </span></p>
<p class="p1"><b>Módulo 2<span class="Apple-converted-space"> <br /></span></b><span style="font-size: 14px;">1.- Análisis de Riesgos para infraestructura expuesta. 2.- Plan de Protección ante Marejadas Anormales. 3.- Ingeniería y tecnología para atenuar sus efectos.</span><span class="Apple-converted-space" style="font-size: 14px;"> </span></p>
<p class="p1"><b>Módulo 3<span class="Apple-converted-space"> <br /></span></b><span style="font-size: 14px;">1.- Meteorología preventiva. 2.- Predicción temprana del próximo evento. 3.- Taller y evaluación individual.</span><span class="Apple-converted-space" style="font-size: 14px;"> </span></p>
<p>&nbsp;</p>
<p>[/et_pb_text][et_pb_button button_url=»https://www.safetyandsecurity.cl/land/wp-content/uploads/2024/05/Curso-Marejadas-Anormales..pdf» url_new_window=»on» button_text=»DESCARGAR PDF» _builder_version=»4.4.8&#8243; custom_button=»on» button_text_color=»#e09900&#8243; hover_enabled=»0&#8243;][/et_pb_button][et_pb_text _builder_version=»4.4.8&#8243;][/et_pb_text][/et_pb_column][et_pb_column type=»2_5&#8243; _builder_version=»4.4.8&#8243;][et_pb_image src=»https://www.safetyandsecurity.cl/land/wp-content/uploads/2021/06/Captura-de-Pantalla-2021-06-25-a-las-10.08.38.png» title_text=»Captura de Pantalla 2021-06-25 a la(s) 10.08.38&#8243; _builder_version=»4.4.8&#8243;][/et_pb_image][/et_pb_column][/et_pb_row][/et_pb_section]</p>

<p>[et_pb_section fb_built=»1&#8243; _builder_version=»4.4.8&#8243;][et_pb_row _builder_version=»4.4.8&#8243; custom_margin=»50px|auto||auto||»][et_pb_column type=»4_4&#8243; _builder_version=»4.4.8&#8243;][et_pb_text _builder_version=»4.4.8&#8243;] CAPACITACIONES  |  CURSOS DISPONIBLES  |   MAREJADAS ANORMALES [/et_pb_text][/et_pb_column][/et_pb_row][et_pb_row column_structure=»3_5,2_5&#8243; _builder_version=»4.4.8&#8243;][et_pb_column type=»3_5&#8243; _builder_version=»4.4.8&#8243;][et_pb_text _builder_version=»4.4.8&#8243;] CURSO MAREJADAS ANORMALES Fundamentación: La marejada anormal estaría vinculada al cambio climático generado por el hombre sobre el planeta, ya que el incremento de las marejadas ha sido exponencial a medida que pasan los [&hellip;]</p>
